ide 12730?
True
Is 568 a multiple of 96?
False
Does 5 divide 2755?
True
Does 18 divide 9036?
True
Is 47 a factor of 1504?
True
Is 7 a factor of 1322?
False
Does 6 divide 1227?
False
Does 99 divide 792?
True
Is 744 a multiple of 13?
False
Is 24 a factor of 5258?
False
Does 105 divide 59415?
False
Is 14186 a multiple of 173?
True
Is 29175 a multiple of 16?
False
Is 16 a factor of 1264?
True
Does 12 divide 1140?
True
Does 39 divide 13494?
True
Is 9492 a multiple of 113?
True
Is 36 a factor of 4140?
True
Is 20298 a multiple of 102?
True
Does 7 divide 746?
False
Is 28060 a multiple of 92?
True
Does 26 divide 670?
False
Is 69 a factor of 8283?
False
Is 251 a multiple of 81?
False
Does 16 divide 38067?
False
Does 15 divide 2436?
False
Is 354 a multiple of 7?
False
Is 14 a factor of 1827?
False
Is 1624 a multiple of 29?
True
Is 17221 a multiple of 41?
False
Does 2 divide 498?
True
Does 54 divide 11018?
False
Is 10 a factor of 507?
False
Is 189 a factor of 10017?
True
Is 189 a factor of 104328?
True
Is 112635 a multiple of 15?
True
Is 4103 a multiple of 38?
False
Is 2088 a multiple of 87?
True
Is 14 a factor of 37856?
True
Is 6 a factor of 186?
True
Is 4194 a multiple of 21?
False
Is 9008 a multiple of 8?
True
Is 22 a factor of 5456?
True
Does 2 divide 518?
True
Is 9640 a multiple of 241?
True
Is 42 a factor of 41089?
False
Is 4919 a multiple of 25?
False
Is 15720 a multiple of 49?
False
Does 28 divide 868?
True
Is 76 a factor of 7189?
False
Is 1662 a multiple of 3?
True
Is 1364 a multiple of 35?
False
Does 22 divide 466?
False
Is 6 a factor of 274?
False
Does 38 divide 9281?
False
Does 29 divide 57766?
False
Does 86 divide 6993?
False
Is 3180 a multiple of 15?
True
Is 72 a factor of 3682?
False
Is 19 a factor of 551?
True
Is 54 a factor of 701?
False
Does 34 divide 30702?
True
Is 80 a factor of 11506?
False
Is 2041 a multiple of 92?
False
Is 60 a factor of 1519?
False
Is 10832 a multiple of 87?
False
Is 1736 a multiple of 8?
True
Is 1614 a multiple of 35?
False
Does 51 divide 16906?
False
Is 17 a factor of 1105?
True
Is 2 a factor of 245?
False
Does 31 divide 1085?
True
Is 428 a multiple of 7?
False
Does 52 divide 8455?
False
Does 7 divide 210?
True
Is 10 a factor of 384?
False
Is 99913 a multiple of 58?
False
Is 14 a factor of 1399?
False
Does 29 divide 686?
False
Is 1595 a multiple of 5?
True
Does 59 divide 19486?
False
Does 6 divide 35?
False
Is 1196 a multiple of 7?
False
Is 5 a factor of 679?
False
Is 18944 a multiple of 82?
False
Is 39396 a multiple of 49?
True
Does 6 divide 132?
True
Is 20 a factor of 14420?
True
Is 5 a factor of 2160?
True
Is 8 a factor of 5965?
False
Is 7 a factor of 337?
False
Is 14 a factor of 784?
True
Is 26 a factor of 3374?
False
Is 137 a factor of 4658?
True
Is 5 a factor of 72?
False
Is 1088 a multiple of 39?
False
Is 19745 a multiple of 144?
False
Is 12 a factor of 360?
True
Is 2285 a multiple of 5?
True
Is 10003 a multiple of 111?
False
Is 51744 a multiple of 154?
True
Does 13 divide 60346?
True
Is 266 a multiple of 5?
False
Does 26 divide 31403?
False
Does 55 divide 165?
True
Is 1690 a multiple of 11?
False
Does 9 divide 99?
True
Does 13 divide 27339?
True
Is 454 a multiple of 3?
False
Does 11 divide 6774?
False
Is 9015 a multiple of 15?
True
Does 31 divide 5803?
False
Is 9 a factor of 1402?
False
Is 48 a factor of 74211?
False
Is 1296 a multiple of 81?
True
Is 25713 a multiple of 189?
False
Is 13612 a multiple of 41?
True
Is 38313 a multiple of 33?
True
Does 36 divide 29140?
False
Is 26 a factor of 624?
True
Is 39 a factor of 1274?
False
Does 20 divide 200?
True
Does 27 divide 148552?
False
Is 9709 a multiple of 15?
False
Is 17 a factor of 1003?
True
Is 15 a factor of 899?
False
Is 22 a factor of 672?
False
Does 14 divide 1835?
False
Does 70 divide 684?
False
Is 69 a factor of 14887?
False
Does 41 divide 6335?
False
Is 7813 a multiple of 38?
False
Is 4 a factor of 34737?
False
Does 122 divide 976?
True
Does 3 divide 1544?
False
Does 21 divide 378?
True
Is 47 a multiple of 47?
True
Is 11 a factor of 45232?
True
Is 3893 a multiple of 61?
False
Is 422 a multiple of 3?
False
Is 41 a factor of 2759?
False
Is 37670 a multiple of 9?
False
Is 482 a multiple of 5?
False
Does 28 divide 10780?
True
Is 2496 a multiple of 6?
True
Is 49 a factor of 10339?
True
Is 1830 a multiple of 26?
False
Does 14 divide 1442?
True
Is 33449 a multiple of 121?
False
Does 23 divide 8669?
False
Is 8532 a multiple of 9?
True
Is 22572 a multiple of 6?
True
Is 575 a multiple of 5?
True
Is 967 a multiple of 6?
False
Is 27893 a multiple of 13?
False
Does 52 divide 1113?
False
Is 10581 a multiple of 33?
False
Is 35 a factor of 178?
False
Is 12972 a multiple of 69?
True
Is 8 a factor of 7851?
False
Is 74 a factor of 6246?
False
Is 46 a factor of 34086?
True
Is 3 a factor of 7673?
False
Is 9 a factor of 4770?
True
Is 47037 a multiple of 18?
False
Is 233 a factor of 7481?
False
Is 1188 a multiple of 36?
True
Is 51 a factor of 407?
False
Does 33 divide 2046?
True
Does 60 divide 6977?
False
Is 190 a multiple of 10?
True
Does 150 divide 8062?
False
Is 48358 a multiple of 416?
False
Is 31 a factor of 1209?
True
Does 4 divide 9178?
False
Is 4080 a multiple of 17?
True
Does 186 divide 19530?
True
Does 77 divide 1078?
True
Does 30 divide 387?
False
Is 768 a multiple of 6?
True
Is 1302 a multiple of 31?
True
Is 17473 a multiple of 101?
True
Does 23 divide 3224?
False
Is 60 a factor of 22500?
True
Is 18 a factor of 268?
False
Is 723 a multiple of 5?
False
Is 116 a factor of 4872?
True
Is 11 a factor of 7492?
False
Is 527 a multiple of 31?
True
Is 230 a multiple of 3?
False
Does 6 divide 3346?
False
Does 29 divide 3197?
False
Is 144 a multiple of 4?
True
Is 22 a factor of 3526?
False
Does 29 divide 16699?
False
Is 745 a multiple of 24?
False
Does 10 divide 5068?
False
Does 9 divide 5620?
False
Is 1729 a multiple of 26?
False
Is 21 a factor of 12527?
False
Does 14 divide 577?
False
Does 12 divide 747?
False
Is 23 a factor of 1208?
False
Is 810 a multiple of 5?
True
Does 3 divide 4492?
False
Does 54 divide 420?
False
Is 3780 a multiple of 18?
True
Is 535 a multiple of 2?
False
Does 11 divide 1013?
False
Is 7929 a multiple of 11?
False
Is 1860 a multiple of 12?
True
Does 78 divide 18876?
True
Is 9467 a multiple of 17?
False
Does 40 divide 601?
False
Is 48 a factor of 2404?
False
Is 15 a factor of 150?
True
Is 15089 a multiple of 3?
False
Is 105 a factor of 55206?
False
Is 20 a factor of 12340?
True
Is 119 a factor of 77231?
True
Is 93 a factor of 5859?
True
Is 22 a factor of 6314?
True
Is 15 a factor of 29220?
True
Does 16 divide 1888?
True
Is 107 a factor of 9126?
False
Does 266 divide 81396?
True
Does 6 divide 1962?
True
Does 19 divide 893?
True
Is 27 a factor of 1154?
False
Is 15 a factor of 1725?
True
Is 102 a factor of 2460?
False
Does 31 divide 2550?
False
Is 18 a factor of 3052?
False
Does 18 divide 2415?
False
Does 19 divide 190?
True
Is 11 a factor of 21153?
True
Is 31 a factor of 2828?
False
Does 18 divide 1530?
True
Is 298 a factor of 32482?
True
Does 28 divide 604?
False
Is 41 a factor of 1681?
True
Is 21 a factor of 4851?
True
Is 7535 a multiple of 11?
True
Does 34 divide 365?
False
Is 1168 a multiple of 55?
False
Is 722 a multiple of 38?
True
Does 100 divide 2063?
False
Is 11636 a multiple of 83?
False
Does 57 divide 456?
True
Is 9 a factor of 93?
False
Does 17 divide 34?
True
Is 161 a factor of 60225?
False
Does 18 divide 34398?
True
Is 344 a multiple of 3?
False
Is 148 a multiple of 8?
False
Is 11 a factor of 4432?
False
Does 3 divide 494?
False
Is 15 a factor of 30469?
False
Is 14 a factor of 3206?
True
Is 35 a factor of 142462?
False
Does 13 divide 741?
True
Is 50 a factor of 12250?
True
Is 6 a factor of 129?
False
Is 3 a factor of 118?
False
Is 531 a multiple of 9?
True
Is 9882 a multiple of 41?
False
Is 44 a factor of 2115?
False
Is 275 a factor of 38500?
True
Is 2993 a multiple of 67?
False
Does 6 divide 13410?
True
Does 45 divide 456?
False
Is 4772 a multiple of 3?
False
Does 21 divide 398?
False
Is 17514 a multiple of 63?
True
Is 13 a factor of 299?
True
Is 17 a factor of 34?
True
Is 5 a factor of 800?
True
Does 10 divide 50?
True
Does 58 divide 464?
True
Is 2632 a multiple of 4?
True
Does 11 divide 7161?
True
Is 53 a factor of 2067?
True
D